ds digit of 74790?
7
What is the ten thousands digit of 7742884?
4
What is the hundreds digit of 2152143?
1
What is the hundreds digit of 160367?
3
What is the tens digit of 158237?
3
What is the hundred thousands digit of 622700?
6
What is the hundred thousands digit of 237792?
2
What is the thousands digit of 2277774?
7
What is the thousands digit of 2416830?
6
What is the tens digit of 999317?
1
What is the units digit of 344883?
3
What is the millions digit of 15031638?
5
What is the hundreds digit of 49003?
0
What is the units digit of 3189772?
2
What is the units digit of 1474510?
0
What is the ten thousands digit of 18786678?
8
What is the thousands digit of 227817?
7
What is the ten thousands digit of 15429461?
2
What is the tens digit of 18922817?
1
What is the hundred thousands digit of 3841848?
8
What is the units digit of 1172189?
9
What is the hundred thousands digit of 123892?
1
What is the ten thousands digit of 19060?
1
What is the units digit of 25211703?
3
What is the hundred thousands digit of 305467?
3
What is the units digit of 683290?
0
What is the hundred thousands digit of 153941?
1
What is the ten thousands digit of 10450466?
5
What is the hundreds digit of 549604?
6
What is the tens digit of 73847?
4
What is the units digit of 912175?
5
What is the hundreds digit of 13332502?
5
What is the units digit of 267759?
9
What is the hundreds digit of 1151954?
9
What is the hundred thousands digit of 2165521?
1
What is the hundreds digit of 33460?
4
What is the tens digit of 250764?
6
What is the ten millions digit of 10102799?
1
What is the units digit of 137734?
4
What is the tens digit of 110187?
8
What is the hundred thousands digit of 11768907?
7
What is the ten thousands digit of 494294?
9
What is the units digit of 583878?
8
What is the thousands digit of 21182?
1
What is the units digit of 75778?
8
What is the hundred thousands digit of 4672796?
6
What is the hundreds digit of 10335494?
4
What is the units digit of 2098138?
8
What is the units digit of 3053?
3
What is the hundred thousands digit of 16863581?
8
What is the ten thousands digit of 216829?
1
What is the units digit of 8136053?
3
What is the hundred thousands digit of 18350704?
3
What is the units digit of 497066?
6
What is the hundred thousands digit of 2599540?
5
What is the ten thousands digit of 274304?
7
What is the units digit of 322752?
2
What is the ten thousands digit of 14110?
1
What is the thousands digit of 366872?
6
What is the hundreds digit of 790706?
7
What is the tens digit of 185302?
0
What is the hundred thousands digit of 713401?
7
What is the hundreds digit of 19874?
8
What is the ten thousands digit of 75412?
7
What is the tens digit of 551888?
8
What is the millions digit of 6788186?
6
What is the hundreds digit of 2676034?
0
What is the thousands digit of 364347?
4
What is the hundred thousands digit of 1335145?
3
What is the hundreds digit of 202116?
1
What is the hundred thousands digit of 16350240?
3
What is the ten thousands digit of 43478?
4
What is the thousands digit of 157447?
7
What is the tens digit of 891006?
0
What is the units digit of 2223481?
1
What is the units digit of 3399384?
4
What is the tens digit of 293717?
1
What is the units digit of 233571?
1
What is the ten thousands digit of 166793?
6
What is the ten thousands digit of 563847?
6
What is the hundreds digit of 1090688?
6
What is the units digit of 6327591?
1
What is the hundreds digit of 3099360?
3
What is the hundreds digit of 3095345?
3
What is the tens digit of 4967382?
8
What is the ten thousands digit of 1282688?
8
What is the tens digit of 62271?
7
What is the millions digit of 2904000?
2
What is the hundred thousands digit of 25398431?
3
What is the units digit of 906261?
1
What is the hundred thousands digit of 4938560?
9
What is the thousands digit of 404755?
4
What is the millions digit of 2629454?
2
What is the ten thousands digit of 550963?
5
What is the hundred thousands digit of 4146415?
1
What is the thousands digit of 181417?
1
What is the hundred thousands digit of 1856146?
8
What is the tens digit of 1447915?
1
What is the thousands digit of 5974953?
4
What is the ten thousands digit of 2590565?
9
What is the hundreds digit of 148405?
4
What is the tens digit of 5779078?
7
What is the tens digit of 190831?
3
What is the thousands digit of 200125?
0
What is the tens digit of 346658?
5
What is the tens digit of 735779?
7
What is the thousands digit of 662866?
2
What is the tens digit of 2665923?
2
What is the hundreds digit of 1655939?
9
What is the tens digit of 11552850?
5
What is the millions digit of 33059695?
3
What is the tens digit of 3041163?
6
What is the millions digit of 5725843?
5
What is the hundred thousands digit of 2607225?
6
What is the tens digit of 94762?
6
What is the ten thousands digit of 766764?
6
What is the tens digit of 206434?
3
What is the millions digit of 7465231?
7
What is the units digit of 13888142?
2
What is the tens digit of 340661?
6
What is the tens digit of 3390202?
0
What is the ten thousands digit of 185715?
8
What is the ten thousands digit of 1184098?
8
What is the units digit of 7281496?
6
What is the tens digit of 628882?
8
What is the ten thousands digit of 1139979?
3
What is the ten thousands digit of 3968396?
6
What is the units digit of 316369?
9
What is the thousands digit of 1348058?
8
What is the units digit of 91125?
5
What is the tens digit of 279878?
7
What is the hundreds digit of 8196?
1
What is the units digit of 35825014?
4
What is the millions digit of 1954728?
1
What is the ten thousands digit of 152200?
5
What is the hundreds digit of 5821388?
3
What is the hundred thousands digit of 1489455?
4
What is the units digit of 40738?
8
What is the thousands digit of 2187881?
7
What is the hundred thousands digit of 415595?
4
What is the hundred thousands digit of 16512114?
5
What is the units digit of 1034467?
7
What is the hundreds digit of 1263035?
0
What is the millions digit of 2458579?
2
What is the ten thousands digit of 2255144?
5
What is the hundreds digit of 865476?
4
What is the hundreds digit of 12741783?
7
What is the tens digit of 972139?
3
What is the ten thousands digit of 168440?
6
What is the tens digit of 400823?
2
What is the ten thousands digit of 2334843?
3
What is the thousands digit of 55921?
5
What is the hundred thousands digit of 4785138?
7
What is the units digit of 18674503?
3
What is the ten thousands digit of 6582077?
8
What is the thousands digit of 508545?
8
What is the hundred thousands digit of 4325934?
3
What is the hundreds digit of 61571?
5
What is the hundred thousands digit of 1663604?
6
What is the thousands digit of 24368?
4
What is the hundreds digit of 476325?
3
What is the units digit of 676314?
4
What is the hundreds digit of 493596?
5
What is the millions digit of 6664765?
6
What is the units digit of 380604?
4
What is the hundreds digit of 33299?
2
What is the hundreds digit of 617020?
0
What is the ten thousands digit of 5035862?
3
What is the ten thousands digit of 19402084?
0
What is the hundred thousands digit of 679862?
6
What is the tens digit of 1734957?
5
What is the units digit of 293464?
4
What is the hundred thousands digit of 2618833?
6
What is the tens digit of 4885466?
6
What is the hundreds digit of 169130?
1
What is the tens digit of 718043?
4
What is the thousands digit of 225961?
5
What is the ten thousands digit of 2245276?
4
What is the tens digit of 264918?
1
What is the hundred thousands digit of 357156?
3
What is the millions digit of 1764995?
1
What is the tens digit of 730705?
0
What is the millions digit of 19021760?
9
What is the tens digit of 263402?
0
What is the units digit of 2298078?
8
What is the hundreds digit of 188109?
1
What is the millions digit of 7303607?
7
What is the ten thousands digit of 194438?
9
What is the units digit of 181903?
3
What is the ten thousands digit of 101084?
0
What is the hundreds digit of 547339?
3
What is the hundred thousands digit of 4278228?
2
What is the ten thousands digit of 15599090?
9
What is the hundreds digit of 776482?
4
What is the units digit of 104199?
9
What is the millions digit of 1756537?
1
What is the millions digit of 2120163?
2
What is the tens digit of